 to base 7.
-1234146
What is 193061 (base 12) in base 9?
741481
-147654 (base 8) to base 12
-26924
1cb86 (base 13) to base 2
1101111000111110
What is 2000001001100 (base 3) in base 2?
100000011101011011111
What is 30100003 (base 5) in base 6?
5031315
What is -1414700 (base 8) in base 3?
-202022102201
What is 2323422344 (base 5) in base 9?
10860761
Convert 1276755 (base 9) to base 8.
2530051
-6ff10 (base 16) to base 7
-3616525
Convert 15653454 (base 7) to base 2.
101110100100010001011
What is -30021212032 (base 4) in base 9?
-5884041
Convert -46350356 (base 8) to base 4.
-212131003232
Convert -88363 (base 11) to base 4.
-133103100
What is -177670 (base 11) in base 9?
-456344
What is -97a21 (base 11) in base 10?
-142319
-4425550 (base 6) to base 14
-5aa94
6b816 (base 13) to base 12
95b48
-346a71 (base 11) to base 10
-550991
What is -249100 (base 10) in base 9?
-418627
What is b1168 (base 12) in base 2?
111000001010100000
What is -13133032201 (base 4) in base 8?
-7371641
What is -6425756 (base 10) in base 14?
-bd3a68
4b55c (base 16) to base 2
1001011010101011100
Convert 6549c (base 14) to base 16.
3bd92
Convert 1311623 (base 9) to base 11.
44a25a
Convert 1100110100010 (base 2) to base 7.
25063
-32100113 (base 4) to base 16
-e417
Convert 331441001 (base 5) to base 15.
1d5ba1
Convert 5140033 (base 7) to base 5.
124132210
Convert -222020111101 (base 3) to base 12.
-20aa91
Convert -f02ee (base 16) to base 13.
-285a32
What is 2222033 (base 4) in base 10?
10895
21101100232 (base 4) to base 13
67108c
What is 31243011 (base 6) in base 5?
213022410
Convert -381284 (base 9) to base 13.
-80c68
-44116434 (base 7) to base 10
-3786255
-1001001110000101101100 (base 2) to base 9
-4483450
Convert 83819 (base 11) to base 14.
32701
575746 (base 14) to base 13
8013a8
What is d4b4 (base 14) in base 8?
107406
What is 3101039 (base 10) in base 4?
23311011233
Convert -1323241 (base 5) to base 10.
-26696
What is 29213 (base 13) in base 12?
38855
-210340342 (base 5) to base 6
-30402003
What is -64d91 (base 15) in base 8?
-1161467
What is -23033121312 (base 4) in base 15?
-3d3153
What is -32312101232 (base 4) in base 16?
-3b646e
-23331102 (base 4) to base 14
-13bc6
-52070 (base 10) to base 13
-1a915
Convert -278 (base 11) to base 4.
-11013
Convert 170601 (base 9) to base 7.
616321
What is 761750 (base 11) in base 7?
13230243
Convert 69a24 (base 15) to base 7.
2600533
What is 45bb0 (base 13) in base 4?
133003333
4500360 (base 7) to base 11
349932
Convert 101040241 (base 5) to base 10.
408821
What is -4221234 (base 5) in base 6?
-1300550
What is -1815df (base 16) in base 8?
-6012737
Convert -a8aab (base 13) to base 15.
-60597
-a68989 (base 12) to base 15
-36d9c6
What is -3288936 (base 11) in base 6?
-323325001
Convert -28009 (base 14) to base 7.
-561012
1222101112 (base 3) to base 11
27273
What is -960749 (base 12) in base 4?
-21001120221
What is 31170324 (base 8) in base 14?
c42b40
201001101002 (base 3) to base 10
374978
What is 73303 (base 8) in base 16?
76c3
8850263 (base 10) to base 11
4aa5374
-65552 (base 9) to base 4
-22213013
What is -9791d0 (base 14) in base 4?
-103211201002
Convert -689836 (base 14) to base 12.
-1238634
Convert -112012210210 (base 3) to base 13.
-9a479
Convert -110411330 (base 5) to base 10.
-482090
What is 1024535 (base 6) in base 2?
1100010010001011
-30646554 (base 8) to base 14
-c1596c
4210321024 (base 5) to base 3
121100010100020
What is -245712 (base 9) in base 15?
-2e045
What is -33808b (base 12) in base 16?
-c8d6b
Convert -6bcc0 (base 13) to base 16.
-30455
What is -8602685 (base 10) in base 6?
-504215125
Convert 5d09c6 (base 14) to base 2.
1100001010111011000010
-42332 (base 11) to base 13
-22084
1cadc (base 15) to base 7
536556
What is -572010 (base 8) in base 9?
-324438
What is cadb9 (base 14) in base 15?
9a7cd
-121022 (base 6) to base 10
-10598
What is -30202003 (base 4) in base 9?
-77364
6176b (base 12) to base 11
87659
What is 211120222022 (base 3) in base 2?
1101100100011111111
What is 270273 (base 8) in base 13?
33c72
Convert 358ad (base 14) to base 6.
2445013
What is -3431413 (base 5) in base 13?
-21ca6
What is 625d5 (base 16) in base 14?
a6b89
Convert -24125435 (base 6) to base 11.
-478642
What is 769b5 (base 12) in base 5?
20010303
What is -82940 (base 12) in base 16?
-29ac0
104134022 (base 6) to base 3
10112110012112
203420114 (base 5) to base 6
30013421
What is 15035415 (base 7) in base 14?
28db7c
What is 181b01 (base 15) in base 11?
72a232
-31101210322 (base 4) to base 5
-1342323431
Convert 13abdd (base 16) to base 5.
312223211
What is 232341011 (base 5) in base 8?
4024101
-15825 (base 13) to base 4
-21333201
1a504 (base 11) to base 8
67620
-54bcb (base 14) to base 9
-342662
Convert -204503542 (base 6) to base 14.
-6949b8
Convert -13023000 (base 5) to base 15.
-277ba
Convert -5223003 (base 6) to base 16.
-3d8ab
-6d2d4 (base 15) to base 13
-c26a4
Convert 427657 (base 8) to base 9.
237478
Convert -b11ed (base 15) to base 14.
-10849c
What is -12321313211 (base 4) in base 6?
-102443045
What is 68bd02 (base 16) in base 6?
403042214
-396b1b (base 13) to base 10
-1385993
What is -3081cb (base 13) in base 10?
-1131791
Convert 57105 (base 12) to base 14.
30365
Convert 21620543 (base 7) to base 4.
13020230333
Convert 220122110 (base 5) to base 11.
593945
-230002220230 (base 4) to base 6
-1051241404
What is -2020022121210 (base 3) in base 11?
-741012
Convert 221a4b7 (base 12) to base 8.
30647513
1986695 (base 10) to base 2
111100101000010000111
515128 (base 9) to base 4
1022212112
What is 1349748 (base 15) in base 13?
2b5a3b2
1336482 (base 10) to base 2
101000110010010100010
What is 326283 (base 11) in base 3?
222110100012
2415431 (base 6) to base 13
45a2a
What is 10201111011002 (base 3) in base 14?
396b39
What is -1225522 (base 6) in base 11?
-45708
Convert 12202330023 (base 4) to base 16.
1a2f0b
-22020022121212 (base 3) to base 10
-4375913
What is 3770630 (base 9) in base 14?
3b681c
Convert 99117 (base 12) to base 3.
101021120001
Convert -30323212132 (base 4) to base 7.
-40545646
Convert -35cba (base 15) to base 14.
-4678d
654065 (base 10) to base 6
22004025
What is -7681b8 (base 14) in base 12?
-1418b9a
Convert -375564 (base 8) to base 12.
-63218
What is 8cb40 (base 14) in base 2?
1010011100111000100
Convert -17c0a8 (base 14) to base 7.
-10065301
What is -80890 (base 12) in base 6?
-3325500
What is -2544cc (base 13) in base 4?
-3122200233
Convert -24849b (base 12) to base 10.
-595127
Convert -200114 (base 8) to base 14.
-19ca8
Convert 945b (base 15) to base 16.
7a81
What is 5271747 (base 9) in base 8?
12610651
1276304 (base 9) to base 8
2527267
-321310013111 (base 4) to base 14
-20272bb
Convert 10405224 (base 6) to base 13.
ac150
What is 12fce (base 16) in base 10?
77774
-22561103 (base 8) to base 11
-2852163
Convert 1540416 (base 7) to base 12.
a2489
Convert -304401424 (base 6) to base 14.
-9abb28
Convert -a1268 (base 13) to base 8.
-1062747
What is 1308863 (base 9) in base 2?
10101110100101110101
What is 1c603 (base 16) in base 6?
2254031
Convert 2031021311 (base 4) to base 16.
8d275
What is -1250532 (base 6) in base 4?
-100310120
Convert 31020311 (base 4) to base 13.
1b656
Convert -86ba90 (base 14) to base 5.
-2132042413
What is 799724 (base 11) in base 10?
1271978
What is -20002210210 (base 3) in base 11?
-822a2
59eac2 (base 15) to base 11
2479325
What is -2324023210 (base 5) in base 6?
-305322203
Convert 4965813 (base 10) to base 12.
17b5899
c7ca26 (base 14) to base 2
11001110001110101011010
-86412 (base 13) to base 5
-30223421
What is 100967 (base 10) in base 8?
305147
What is -120100212210 (base 3) in base 16?
-49d70
30255300 (base 6) to base 5
210104103
What is -3312100 (base 5) in base 11?
-39a35
-1012212010200 (base 3) to base 9
-1185120
49ac (base 15) to base 3
210112000
What is 20202022111110 (base 3) in base 11?
2031104
What is 141c9d (base 15) in base 16?
ec5a2
133185 (base 10) to base 8
404101
1314111 (base 6) to base 9
120017
28624 (base 16) to base 2
101000011000100100
What is -231330004 (base 5) in base 2?
-11111110100001001000
-554552 (base 11) to base 13
-24c754
Convert 95c3a5 (base 15) to base 6.
412443502
Convert -541232 (base 7) to base 15.
-1cd38
What is -c039d (base 16) in base 7?
-6456334
What is -22112122